{"id":25,"date":"2014-06-04T12:33:42","date_gmt":"2014-06-04T10:33:42","guid":{"rendered":"http:\/\/www.pms-design.ch\/?page_id=25"},"modified":"2021-09-04T17:48:35","modified_gmt":"2021-09-04T15:48:35","slug":"immobilien-fotografie","status":"publish","type":"page","link":"https:\/\/www.pms-design.ch\/?page_id=25","title":{"rendered":"Immobilien-Fotografie"},"content":{"rendered":"<p><span style=\"color: #00859a; font-size: 14pt;\"><a href=\"http:\/\/www.pms-design.ch\/wp-content\/uploads\/2021\/09\/Fotografie-2021.jpg\"><img loading=\"lazy\" class=\"alignright size-thumbnail wp-image-431\" src=\"http:\/\/www.pms-design.ch\/wp-content\/uploads\/2021\/09\/Fotografie-2021-250x444.jpg\" alt=\"Fotografie 2021\" width=\"250\" height=\"444\" srcset=\"https:\/\/www.pms-design.ch\/wp-content\/uploads\/2021\/09\/Fotografie-2021-250x444.jpg 250w, https:\/\/www.pms-design.ch\/wp-content\/uploads\/2021\/09\/Fotografie-2021-350x622.jpg 350w, https:\/\/www.pms-design.ch\/wp-content\/uploads\/2021\/09\/Fotografie-2021-576x1024.jpg 576w, https:\/\/www.pms-design.ch\/wp-content\/uploads\/2021\/09\/Fotografie-2021-400x711.jpg 400w, https:\/\/www.pms-design.ch\/wp-content\/uploads\/2021\/09\/Fotografie-2021.jpg 1134w\" sizes=\"(max-width: 250px) 100vw, 250px\" \/><\/a>Ich mache aus Ihrem Haus eine Villa&#8230;<\/span><\/p>\n<p style=\"text-align: right;\"><span style=\"color: #00859a; font-size: 14pt;\">&#8230;und aus Ihrer Villa eine Residenz.<\/span><\/p>\n<p><span style=\"color: #00859a;\">Er\u00f6ffnen Sie ganz neue Perspektiven f\u00fcr Ihre Immobile.<\/span><br \/>\nViele Objekte entfalten ihre ganze Sch\u00f6nheit aus der Vogelperspektive und k\u00f6nnen erst aus diesem Blickwinkel richtig \u00fcberzeugend pr\u00e4sentiert werden. Die von mir eingesetzte HighVision-Technik bietet atemberaubende und verkaufsf\u00f6rdernde Fotoperspektiven und zeigt auch Ihre Immobile von einer ganz neuen Seite.<\/p>\n<p><span style=\"color: #00859a;\">Luftbilder ohne Helikopter: Die \u00fcberzeugende Fototechnik f\u00fcr Ihre Immobilie.<\/span><br \/>\nDie Kamera wird\u00a0auf dem mobilen elektro-pneumatischen Teleskopmast stufenlos bis 12 Meter ausgefahren, pr\u00e4zise ausgerichtet und liefert somit von Anfang an das gew\u00fcnschte Bild. Dank der Digitaltechnik lassen sich auf den Fotos st\u00f6rende Faktoren leicht wegretuschieren. Die Kosten werden gegen\u00fcber fr\u00fcher, als f\u00fcr solche Bilder ein Helikopter notwendig war,\u00a0auf einen Bruchteil reduziert, beh\u00f6rdliche Bewilligungen sind nicht mehr n\u00f6tig und einer kurzfristigen Umsetzung steht auch nichts mehr im Weg.<\/p>\n","protected":false},"excerpt":{"rendered":"<p>Ich mache aus Ihrem Haus eine Villa&#8230;<\/p>\n<p style=\"text-align: right;\">&#8230;und aus Ihrer Villa eine Residenz.<\/p>\n<p>Er\u00f6ffnen Sie ganz neue Perspektiven f\u00fcr Ihre Immobile. Viele Objekte entfalten ihre ganze Sch\u00f6nheit aus der Vogelperspektive und k\u00f6nnen erst aus diesem Blickwinkel richtig \u00fcberzeugend pr\u00e4sentiert werden. Die von mir eingesetzte HighVision-Technik bietet atemberaubende und verkaufsf\u00f6rdernde Fotoperspektiven und zeigt auch [&#8230;]<\/p>\n","protected":false},"author":1,"featured_media":0,"parent":0,"menu_order":0,"comment_status":"closed","ping_status":"closed","template":"","meta":[],"_links":{"self":[{"href":"https:\/\/www.pms-design.ch\/index.php?rest_route=\/wp\/v2\/pages\/25"}],"collection":[{"href":"https:\/\/www.pms-design.ch\/index.php?rest_route=\/wp\/v2\/pages"}],"about":[{"href":"https:\/\/www.pms-design.ch\/index.php?rest_route=\/wp\/v2\/types\/page"}],"author":[{"embeddable":true,"href":"https:\/\/www.pms-design.ch\/index.php?rest_route=\/wp\/v2\/users\/1"}],"replies":[{"embeddable":true,"href":"https:\/\/www.pms-design.ch\/index.php?rest_route=%2Fwp%2Fv2%2Fcomments&post=25"}],"version-history":[{"count":17,"href":"https:\/\/www.pms-design.ch\/index.php?rest_route=\/wp\/v2\/pages\/25\/revisions"}],"predecessor-version":[{"id":432,"href":"https:\/\/www.pms-design.ch\/index.php?rest_route=\/wp\/v2\/pages\/25\/revisions\/432"}],"wp:attachment":[{"href":"https:\/\/www.pms-design.ch\/index.php?rest_route=%2Fwp%2Fv2%2Fmedia&parent=25"}],"curies":[{"name":"wp","href":"https:\/\/api.w.org\/{rel}","templated":true}]}}