{"id":23,"date":"2014-06-04T12:32:54","date_gmt":"2014-06-04T10:32:54","guid":{"rendered":"http:\/\/www.pms-design.ch\/?page_id=23"},"modified":"2014-07-10T15:42:14","modified_gmt":"2014-07-10T13:42:14","slug":"galerie","status":"publish","type":"page","link":"https:\/\/www.pms-design.ch\/?page_id=23","title":{"rendered":"Galerie"},"content":{"rendered":"<p>Die Anwendungsm\u00f6glichkeiten sind fast unbeschr\u00e4nkt. Klicken Sie links im Men\u00fc auf die gew\u00fcnschte Kategorie, um einige Beispiele zu sehen&#8230;<\/p>\n","protected":false},"excerpt":{"rendered":"<p>Die Anwendungsm\u00f6glichkeiten sind fast unbeschr\u00e4nkt. Klicken Sie links im Men\u00fc auf die gew\u00fcnschte Kategorie, um einige Beispiele zu sehen&#8230;<\/p>\n","protected":false},"author":1,"featured_media":0,"parent":0,"menu_order":0,"comment_status":"closed","ping_status":"closed","template":"","meta":[],"_links":{"self":[{"href":"https:\/\/www.pms-design.ch\/index.php?rest_route=\/wp\/v2\/pages\/23"}],"collection":[{"href":"https:\/\/www.pms-design.ch\/index.php?rest_route=\/wp\/v2\/pages"}],"about":[{"href":"https:\/\/www.pms-design.ch\/index.php?rest_route=\/wp\/v2\/types\/page"}],"author":[{"embeddable":true,"href":"https:\/\/www.pms-design.ch\/index.php?rest_route=\/wp\/v2\/users\/1"}],"replies":[{"embeddable":true,"href":"https:\/\/www.pms-design.ch\/index.php?rest_route=%2Fwp%2Fv2%2Fcomments&post=23"}],"version-history":[{"count":3,"href":"https:\/\/www.pms-design.ch\/index.php?rest_route=\/wp\/v2\/pages\/23\/revisions"}],"predecessor-version":[{"id":199,"href":"https:\/\/www.pms-design.ch\/index.php?rest_route=\/wp\/v2\/pages\/23\/revisions\/199"}],"wp:attachment":[{"href":"https:\/\/www.pms-design.ch\/index.php?rest_route=%2Fwp%2Fv2%2Fmedia&parent=23"}],"curies":[{"name":"wp","href":"https:\/\/api.w.org\/{rel}","templated":true}]}}